?
118
Calculate the greatest common divisor of 761730 and 6.
6
Calculate the highest common divisor of 40 and 21656.
8
What is the greatest common divisor of 78 and 141063?
39
What is the highest common factor of 199480 and 56?
8
What is the highest common divisor of 448 and 7392?
224
Calculate the greatest common divisor of 280393 and 21827.
1679
What is the highest common factor of 1092 and 270452?
364
What is the greatest common factor of 553 and 1656235?
553
What is the greatest common divisor of 2336 and 7776?
32
Calculate the highest common factor of 1037232 and 96.
48
What is the highest common divisor of 453 and 89543?
151
Calculate the greatest common divisor of 2152874 and 5034.
1678
Calculate the greatest common factor of 8770 and 38.
2
What is the greatest common factor of 9658 and 7106?
22
What is the greatest common factor of 32487 and 255?
51
What is the highest common factor of 91154 and 3808?
238
Calculate the greatest common factor of 113 and 64297.
113
Calculate the highest common factor of 68832 and 864.
288
Calculate the highest common factor of 1720356 and 924.
132
Calculate the highest common factor of 3545 and 25.
5
Calculate the highest common divisor of 1065 and 545919.
213
Calculate the highest common factor of 13072 and 88768.
304
What is the greatest common divisor of 8805 and 855?
15
What is the greatest common factor of 258 and 26604?
6
Calculate the highest common divisor of 27695 and 725.
145
Calculate the greatest common factor of 134 and 5878.
2
Calculate the highest common divisor of 3138 and 948.
6
What is the greatest common divisor of 24 and 180168?
24
What is the highest common divisor of 10871 and 35?
7
What is the highest common divisor of 8068 and 64?
4
What is the highest common divisor of 2121 and 1533?
21
Calculate the highest common factor of 47853 and 18.
9
What is the highest common factor of 65105 and 42340?
145
Calculate the greatest common divisor of 224526 and 414.
138
Calculate the highest common divisor of 1653762 and 66.
66
What is the greatest common factor of 384 and 98688?
384
Calculate the highest common factor of 396378 and 2196.
1098
What is the greatest common divisor of 321988 and 404?
404
What is the highest common divisor of 2169 and 964?
241
What is the highest common factor of 962 and 60125?
481
Calculate the highest common divisor of 152920 and 32.
8
What is the greatest common divisor of 46222 and 382?
382
What is the highest common divisor of 73909 and 143?
11
What is the greatest common factor of 40 and 8779640?
40
What is the greatest common divisor of 1548 and 1429965?
387
What is the greatest common divisor of 784 and 560168?
392
What is the highest common divisor of 499014 and 1602?
18
Calculate the highest common divisor of 117 and 14175.
9
Calculate the greatest common divisor of 17 and 1878466.
17
Calculate the highest common factor of 4920 and 2985.
15
What is the greatest common divisor of 42770 and 280?
70
What is the highest common factor of 44289 and 2128?
133
What is the greatest common divisor of 1536 and 9024?
192
What is the highest common divisor of 1593 and 8009604?
1593
What is the greatest common factor of 3038 and 32095?
49
Calculate the greatest common factor of 2783081 and 2114.
1057
Calculate the greatest common divisor of 34315 and 15.
5
What is the highest common factor of 280 and 3475360?
280
Calculate the greatest common factor of 2071 and 30629.
109
Calculate the greatest common divisor of 88 and 65593.
11
What is the highest common divisor of 12 and 450498?
6
Calculate the greatest common divisor of 49228 and 124.
124
What is the highest common divisor of 350 and 29168650?
350
Calculate the greatest common factor of 87140 and 50.
10
Calculate the greatest common divisor of 119629 and 38471.
527
Calculate the greatest common factor of 2470000 and 975.
325
Calculate the greatest common factor of 420 and 5160.
60
What is the greatest common divisor of 22734 and 1593?
27
Calculate the highest common factor of 26 and 301249.
13
What is the highest common divisor of 48010 and 20?
10
What is the greatest common factor of 23468 and 16?
4
What is the highest common factor of 29802 and 12?
6
Calculate the highest common divisor of 5145 and 432705.
105
Calculate the greatest common divisor of 2574 and 8030.
22
Calculate the highest common factor of 309336 and 600.
24
Calculate the greatest common divisor of 32 and 15508.
4
Calculate the greatest common divisor of 59128 and 513.
19
What is the greatest common divisor of 2100 and 675675?
525
Calculate the greatest common factor of 53873 and 34.
17
Calculate the highest common divisor of 490 and 5350.
10
Calculate the highest common factor of 913152 and 1722.
246
What is the highest common factor of 424127 and 11?
11
What is the highest common divisor of 498 and 2966254?
166
Calculate the highest common factor of 5 and 22315.
5
Calculate the highest common divisor of 618513 and 21.
21
What is the highest common divisor of 5338 and 442?
34
What is the highest common divisor of 13392 and 310?
62
What is the greatest common factor of 265 and 19928?
53
Calculate the greatest common divisor of 6 and 1641.
3
What is the greatest common factor of 2 and 233?
1
What is the highest common factor of 979 and 759?
11
What is the greatest common divisor of 17350 and 450?
50
Calculate the greatest common factor of 26244 and 37692.
108
Calculate the highest common divisor of 99479 and 8.
1
Calculate the highest common factor of 238845 and 15.
15
What is the highest common factor of 6430 and 30?
10
What is the highest common divisor of 43 and 2076556?
43
Calculate the highest common divisor of 6579 and 7803.
153
What is the highest common factor of 72275 and 1323?
49
Calculate the highest common factor of 120192 and 7296.
384
Calculate the highest common divisor of 299792 and 164.
164
Calculate the highest common divisor of 139873 and 61.
61
Calculate the greatest common divisor of 9106 and 290.
58
Calculate the greatest common divisor of 876 and 39931.
73
What is the highest common factor of 88763 and 2368?
37
What is the greatest common factor of 13521 and 9?
3
What is the highest common divisor of 3406 and 130?
26
What is the highest common divisor of 14408 and 176?
8
What is the greatest common factor of 772 and 18142?
386
What is the greatest common factor of 240 and 1155?
15
Calculate the highest common factor of 6307 and 1428.
119
Calculate the highest common factor of 55965 and 62010.
195
Calculate the highest common factor of 26 and 44434.
26
Calculate the highest common factor of 5269 and 6633.
11
What is the highest common factor of 2911 and 1271?
41
Calculate the greatest common divisor of 18924 and 13446.
498
Calculate the greatest common divisor of 1656 and 218132.
92
Calculate the greatest common factor of 6 and 1499199.
3
Calculate the highest common divisor of 153166 and 1820.
26
What is the greatest common divisor of 100030 and 70?
70
Calculate the greatest common factor of 16 and 324916.
4
What is the greatest common factor of 907216 and 16?
16
Calculate the highest common divisor of 1086624 and 441.
441
What is the highest common factor of 242 and 3577365?
121
Calculate the highest common divisor of 3325 and 787360.
665
Calculate the highest common divisor of 95411 and 73.
73
Calculate the greatest common divisor of 13917 and 21.
3
Calculate the highest common factor of 497 and 4571.
7
What is the greatest common divisor of 357440 and 640?
320
Calculate the highest common factor of 155 and 21264605.
155
What is the highest common factor of 33 and 266904?
33
What is the highest common factor of 290833 and 19?
19
What is the highest common factor of 195 and 347997?
39
Calculate the greatest common factor of 603 and 18157.
67
What is the greatest common divisor of 4988 and 30508?
116
What is the greatest common divisor of 119672 and 896?
56
What is the highest common divisor of 1205 and 11568?
241
What is the highest common factor of 1380928 and 128?
64
Calculate the highest common factor of 13080 and 192.
24
What is the greatest common divisor of 324900 and 20?
20
Calculate the highest common factor of 929142 and 451.
41
What is the highest common factor of 27 and 1861?
1
Calculate the greatest common